l be 38467/52 - (-3)/(-4). Let q(x) = 370 + x**2 + 366 - l - x. Suppose 6*i - 4*i - 6 = 0. What is q(i)?
3
Let l(w) = -35*w - 142. Let v(n) = -27*n - 107. Let a(f) = -10*l(f) + 13*v(f). Calculate a(23).
6
Let w(z) be the first derivative of z**3/3 + 4*z**2 - 20*z + 170. What is w(-7)?
-27
Let q(f) = -8*f + 105. Let p(t) = 8*t - 99. Let h(d) = 4*p(d) + 3*q(d). What is h(10)?
-1
Let q(y) = -4 - 1785*y**3 + 3 + 1768*y**3. Let b be q(-1). Let a(n) = n - 2*n + 0*n + b. Determine a(10).
6
Let m(o) = 3297 - 31*o + 13*o**2 - 3*o**3 + 12*o + 2*o**3 - 3318. Give m(11).
12
Let s(j) = 6*j**2 + 56*j + 1. Let a(u) = 9*u**2 + 88*u + 2. Let p(b) = -5*a(b) + 8*s(b). What is p(-5)?
33
Suppose -4467 = -3*v - 903. Let g(l) = -l - l**2 - v - 1192 + 2383. Let f(n) = n - 1. Let t be f(1). Calculate g(t).
3
Let c = 64 - 56. Let u(s) be the first derivative of s**4/12 - 4*s**3/3 + 2*s**2 + 9*s - 27. Let b(z) be the first derivative of u(z). Determine b(c).
4
Let h(u) = -u - 3*u + 2*u + 0*u - 16. Suppose k - 5*s = 23, -264 = 2*s - 250. Determine h(k).
8
Let b(x) = -x + 44. Let v be b(-16). Let r(t) = v*t - 1 - 43*t - 36*t. Let p(g) = -94*g - 6. Let d(n) = 2*p(n) - 11*r(n). Calculate d(-1).
-22
Let x(y) = -y**3 - 10*y**2 - 14*y. Let h(b) = -b + 1. Suppose j + 2 - 4 = -q, j - 6 = 3*q. Let v(o) = q*x(o) + 4*h(o). Calculate v(-9).
-5
Let w(j) = j**3 - 8*j**2 - 2*j - 3. Suppose 0 = -0*x + x - 7*x. Suppose x = 42*u - 53*u + 88. Determine w(u).
-19
Let x(o) = -27*o + 6 + 5 + 23*o - 1. Let v be x(2). Let t(k) = -9*k**3 - v*k + 1 + 8*k**3 + 3*k. Determine t(-2).
7
Suppose 12*l - 14*l - 16 = -3*w, 5*l - 2*w + 29 = 0. Let c be (-2 + 5)/(3/2). Let x(k) = -5 - c*k - k + 2*k. What is x(l)?
0
Let q be 5*(-1)/(-30)*42. Suppose q*h = 79 - 156. Let r(l) = -l**2 - 12*l + 3. What is r(h)?
14
Let i(c) = -c**2 + 8*c - 10. Let w be i(6). Suppose -w*j - 2*j - 2*t + 40 = 0, 0 = -5*j - 2*t + 48. Let v(u) = 6*u - 15 + 10 + j - 4*u. Determine v(4).
11
Let i(n) be the first derivative of 4*n - 1/3*n**3 - 9 + 2*n**2. Give i(-4).
-28
Let t = 620 - 619. Suppose 2*u = -u + 15. Let x(g) = 2*g**3 - u*g**2 + g - g**2 + 4*g**2. What is x(t)?
1
Suppose 0 = -q - q - 3*y + 19, -5*y + 23 = -q. Let j(k) = -10*k - 2 + 29*k - 19*k + k**q. Suppose -3*i = -3 - 6. Calculate j(i).
7
Suppose 173 = 4*u - 207. Suppose -7*b = -u - 129. Let d(f) = 17*f**2 - b*f**2 + 16*f**2 + 12 + 8*f. What is d(-8)?
12
Let u(p) be the third derivative of 3*p**4/8 + p**3/6 - p**2. Suppose -5*a - 58 = -4*z, 7*z - 5*a = -11*a - 46. Give u(z).
19
Suppose -2 = -f + 1. Let v be (-10)/2*(-96)/240. Let r(m) = -1 + 2 + f*m - v. What is r(3)?
8
Let z(d) = -63*d**2 + d - 2. Suppose 0 = 4*y + 2*s - 0*s, 3*s + 22 = 16*y. Calculate z(y).
-64
Let n(b) = -b + 4. Let s be ((-72)/(-16))/((-2)/(-4)). Suppose 5*m = s*m. Give n(m).
4
Let i(w) be the third derivative of w**4/24 + w**3/6 + 9*w**2 - 2*w. Let v(d) = -3*d + 10. Let b(g) = 4*i(g) + v(g). Determine b(-8).
6
Let w(y) = 11 + 7*y**2 - 15 + 22 + 0 + 28*y + 51*y. Give w(-11).
-4
Let j = -1807 + 1808. Let d(t) = -11*t + 15. What is d(j)?
4
Let s be ((-15)/2*(-18)/(-27) - 1) + -2. Let k(a) = -9*a - 22. Calculate k(s).
50
Let i(n) = 11*n**2 - 4*n + 3. Let q be (6/4)/(15/20 - 0). What is i(q)?
39
Let v(s) = -4*s - 12. Let j be (-3)/15 - (-3)/((-15)/(-41)). Suppose 6*w - j*w = -10. Let o(m) = -6*m - 18. Let z(i) = w*o(i) - 8*v(i). Calculate z(-5).
-4
Let a(r) = 12*r**3 + r**2 + 2*r. Let x(b) = 4*b**3 - 32*b**2 - 38*b + 17. Let o be x(9). Give a(o).
-13
Let v = -533 + 318. Let y = -216 - v. Let t(q) = -18*q + 1. Determine t(y).
19
Suppose l + 494 = q, -4*q + 925 = -5*l - 1047. Let g = q - 503. Let z(t) = -2*t**2 - 6*t - 7. Determine z(g).
-27
Suppose -v - 3 = 0, k + 36*v = 32*v - 7. Let j(m) = 2*m**2 - 6 - 2 + k + 34*m. What is j(-17)?
-3
Let m = 154 + -159. Let l(d) = 2*d**3 - d**2 - d - 1. Let n(g) = -11*g**3 + 10*g**2 + 13*g - 1. Let b(p) = m*l(p) - n(p). What is b(6)?
-6
Let r(p) = p. Let y(f) = 0*f - 4*f**2 + 3*f**2 - 2 + 3*f + f. Let c(w) = -2*r(w) - y(w). Let z be (((-18)/4)/(-9))/(-1)*-6. Calculate c(z).
-7
Let q be ((-124)/10)/((-2)/(-10)). Let j = 67 + q. Suppose j*d + 2 - 22 = 0. Let t(h) = -h**2 + 5*h + 3. Determine t(d).
7
Let s be 17/(-51)*-2*(-21)/2. Let i(j) = 61*j + 424. Calculate i(s).
-3
Let y(k) = 177 - 79 - 102 - 6*k. What is y(-5)?
26
Let b(d) = -d**3 - d**2 - 7*d - 31. Let t be 12*5*16/(-320). Give b(t).
8
Let q = -19 - -118. Let x(u) = -q*u + u**2 + 198*u - 99*u + 6*u**3. Calculate x(-1).
-5
Let a(v) = 2*v - 7. Let z = 203 + -140. Suppose 0 = 22*d - 15*d - z. Calculate a(d).
11
Let j(m) = 4*m + 1. Let n = -22 - -26. Let s be (2/n)/(1/(-2)). Let l be j(s). Let a(b) = -2*b**2 - 4*b - 4. Give a(l).
-10
Let g(v) = -15 - 22*v**2 - 125*v - v**3 + 36 + 150*v. What is g(-23)?
-25
Suppose -3*h + 15 = -3*k, -5*h - 5 = 15*k - 14*k. Let l(n) = -n - 24. Give l(k).
-19
Let o(f) = f + 7. Suppose 12*w - 17 = 43. Suppose w*d + 33 = 3*c + 3, c + 3*d = -4. Calculate o(c).
12
Let h(p) = 5*p**2 + 9*p - 64. Let u(f) = 4*f**2 + 9*f - 50. Let y(v) = 5*h(v) - 6*u(v). Calculate y(-2).
2
Let a(p) = -3*p + 29. Let k be a(9). Let m(v) = -v - 9 + 6 - k - 5*v. What is m(4)?
-29
Suppose -3*n + 10 = 5*y, 34*n + 20 = 3*y + 33*n. Let r(d) = -21*d + 111. Determine r(y).
6
Suppose 6*y - 3*y = 0. Let g(n) = 1 - n + y + 1. Suppose 3*o - 24 = 5*t - 12, -4*o - t + 16 = 0. What is g(o)?
-2
Let x(h) = 6 + 692*h - 1392*h + 702*h. Let t(r) = -r**2 - r + 2. Let j be t(-3). Calculate x(j).
-2
Let k be -9 + 14 + ((-6)/3 - -4). Let i(v) = v**3 - 7*v**2 - 7*v + 5. Give i(k).
-44
Let n(x) = -114*x**2 + 82*x. Let r be n(1). Let k(d) = d**2 + 29*d - 101. What is k(r)?
-5
Let j(l) = l**2 + 10*l + 25. Let d(n) = -n**3 + 43*n**2 + 350*n - 6. Let w be d(50). Determine j(w).
1
Let r(a) be the second derivative of 0 + 1/2*a**2 + 59*a - 1/2*a**3. Give r(3).
-8
Let l(i) = 646*i**2 - 7*i + 0*i - 6 - 647*i**2. Let z(r) = 2*r - 17. Let v be z(11). Suppose v - 1 = -t. Calculate l(t).
6
Let m(d) = -12*d + 3. Suppose 7 = -9*k - 2. Let t = k - -3. What is m(t)?
-21
Let h(q) = 5*q**2 - 5*q**2 + 35 - 523*q**3 - 37 + 484*q**3 - 2*q. Give h(-1).
39
Let f(n) = -24*n - 3. Let j(b) = -38*b + 210. Let h(i) = 3*f(i) - j(i). What is h(-6)?
-15
Let h(x) be the third derivative of -x**5/60 + 17*x**4/24 - 5*x**3/2 + 6*x**2 + x - 100. Give h(13).
37
Let g(m) be the first derivative of -m**4/4 + 10*m**3/3 - 8*m**2 - 10*m - 64. Let p be g(8). Let f(i) = -i**3 - 9*i**2 + 9*i - 14. Determine f(p).
-4
Let i be (-756)/(-98)*(-126)/(-54). Let n(y) = y**3 - 17*y**2 - 14*y - 50. Give n(i).
22
Let w(p) = -41*p - 40*p - 43*p - 1 + 185*p - 51*p. Let d be (1 + 0)/2*4. Give w(d).
19
Let j(s) = s**2 + 3*s - 24. Suppose 0 = 20*u - 273 + 473. Give j(u).
46
Let l(g) be the third derivative of 5*g**4/24 + 3*g**3/2 + 10*g**2. Let r(t) = t + 2. Let q(m) = l(m) - 4*r(m). Let u = -25 - -31. Calculate q(u).
7
Let y(a) = a**3 + 9*a**2 + 12*a + 4. Let r(q) = -q**2 - 6*q + 34. Let m be r(-10). Give y(m).
40
Let v(j) be the first derivative of -2*j**3/3 - 3*j**2/2 - j + 73. Suppose 4*y + 4*x = -12, 5*x - x + 2 = -2*y. Calculate v(y).
-36
Let j = -2 - -1. Let z(q) be the third derivative of -5*q**4/24 - 2*q**3/3 - 3*q**2 - 2415*q - 2. Determine z(j).
1
Let m(z) = -z**2 - 3*z - 7. Suppose 0 = -14*d + 10*d - 4*x + 24, 2 = -5*d + 3*x. Suppose -10*i + 8*i = d. Let c be 0 + 2*(i - 2). What is m(c)?
-25
Suppose -520*d - 36 = -532*d. Let f(o) be the third derivative of o**4/2 - 2*o**3/3 + 19*o**2. What is f(d)?
32
Let a be -2 + (-17 + 7 - -16). Let c(r) be the third derivative of r**4/24 - 15*r**2. Determine c(a).
4
Let p(r) = r**3 + 9*r**2 + 3*r - 19. Let y be p(-8). Let s(w) = -3*w**2 - 5*w**2 + w**3 + y + 7*w**2 - w. What is s(0)?
21
Let k(m) = -8826 - m**3 + 0*m**2 + 8825 + 11*m**2 - 11*m. Give k(10).
-11
Let a be ((-3)/2)/(24/(-64)). Let b(m) be the first derivative of -4*m + 1/2*m**2 - 5. Determine b(a).
0
Let m(j) be the first derivative of j**4/24 + j**3/6 - j**2 - 19*j + 103. Let r(v) be the second derivative of m(v). Give r(-6).
-5
Suppose 66 = 20*s + 86. Let u(q) = -3*q**3 - q**2 - q - 1. Give u(s).
2
Suppose 2*d = 5*q - 18, 6 = 5*q - d - 13. Suppose 17*v = q*v + 39. Let f(g) = -380*g + v + 403*g - 2. Calculate f(1).
24
Let d(y) = y**3 - 4*y**2 + 2*y - 2. Let k(b) = 33*b - 186. Let i 